.
2, 7, 29
What are the prime factors of 21/6*(-17)/((-136)/36496)?
7, 2281
Let t be (117/(-65))/(6/(-10)). Suppose 5*m - 234 = 2*f + 878, -676 = -t*m - f. Suppose -3*c - 273 = -2*v, -2*v + m = 4*c - 84. List the prime factors of v.
2, 3
Suppose -18*s + 229511 = 83207. List the prime factors of s.
2, 127
Let d(i) be the third derivative of i**4/12 - 7*i**3/6 - 20*i**2. Let f be d(0). Let l(g) = g**3 + 11*g**2 + 17*g + 5. What are the prime factors of l(f)?
2, 41
Let n = -282 - -743. Suppose 14*b = n + 2633. What are the prime factors of b?
13, 17
Suppose -6*w - 1108 = 2*l, 0 = -3*w - 4*l - 339 - 230. Let f = w + 324. List the prime factors of f.
3, 47
Let m(b) = 98*b**3 + b**2 - 17*b + 7. Let c be m(3). Let d = c - 1080. What are the prime factors of d?
1531
Suppose -3*j + 1836 = -5*f, 5*j + 3*f = 3*j + 1224. Let l = -608 + j. What are the prime factors of l?
2
Suppose -2*v = 3*z - 10959, 2*v + 2*z - 14498 = -3542. Suppose 18*w - v - 5127 = 0. What are the prime factors of w?
19, 31
Suppose -1069 = -10*t + 2461. Suppose d = 370 + t. List the prime factors of d.
3, 241
What are the prime factors of 29/((-203)/(-109746)) - (-7 - (0 + -5))?
2, 5, 7
Let i(x) = 3*x. Let s be i(-6). Let w(d) = d**3 - 6*d**2 - 10*d + 15. Let c be w(7). What are the prime factors of 2 + s/27 + (-166)/c?
29
Suppose 18*s = -3 + 363. List the prime factors of (-4173)/2*s/(-30).
13, 107
Let t(m) = m - 1. Let q(o) = 3*o - 1. Let i(u) = -2*q(u) + 5*t(u). Let z be i(-4). What are the prime factors of (z + 1 + 0)*38?
2, 19
Let c = -11699 + 22835. List the prime factors of c.
2, 3, 29
What are the prime factors of 8 + (-96)/12 + 22613/(-1)*-1?
22613
Let b(m) = -14 + 12 - 8 + 90*m. Let f(v) = 18*v - 2. Let a(j) = -6*b(j) + 28*f(j). What are the prime factors of a(-3)?
2, 7
Let s(a) = 42*a**2 - 926*a + 36. List the prime factors of s(23).
2, 239
Suppose 0 = 249*z + 155*z - 49*z - 21655. List the prime factors of z.
61
Let y(h) = -5*h**3 - 4*h**2 + 6*h - 1. Suppose -4*m - 2*m = 30. Let r be y(m). What are the prime factors of (-2)/12 + r/12?
41
Suppose 2*i + 1 = 5*w - 0, 0 = -w + 1. Let k be (0/(0 - -2))/(2/i). Suppose k*h + 2*h = 130. What are the prime factors of h?
5, 13
Suppose -5*d - 51655 = 22*w - 24*w, -3*w = 2*d - 77454. Suppose 35920 = 36*b - w. What are the prime factors of b?
5, 7
Let x be 2 + 35/1 - -3. Let o = 40 - x. Suppose o = -3*m + 4*m - 17. List the prime factors of m.
17
Let q(b) = b**3 - 38*b**2 - 64*b - 54. Let i be q(40). Let o = i + -440. What are the prime factors of o?
2, 73
Let j(p) = 49 + 41 - 7*p**2 + 5*p + 2*p**3 - 3*p**3 + 9*p**2 - 3*p**2. Let y(r) = r**3 - 7*r**2 - r + 7. Let h be y(7). List the prime factors of j(h).
2, 3, 5
Let m(p) = 440*p**2 + 359*p - 1764. What are the prime factors of m(5)?
3, 3677
Suppose -5*k + 24 = 3*s, -7*k + 24 = 4*s - 3*k. Suppose -3*u + 2*f = 0, f = 2*u + u - s. Suppose z = -1, 4*o - z - u*z = 427. List the prime factors of o.
2, 53
Let w be 3/(99/6) - 1938/374. What are the prime factors of (w - (-108)/20)*1295?
2, 7, 37
Let f(a) = -a**2 + 11*a + 8. Let k be f(9). Let d = 31 - k. Suppose 99 = 5*g + 2*t, 4*g + d*t = 4*t + 78. What are the prime factors of g?
19
Suppose 179171 = -74*j + 99065 + 3223922. List the prime factors of j.
2, 13, 19, 43
Let d(j) = 209*j + 30. Let p be d(10). Suppose l - 7 = -10, 0 = 5*f - 5*l - p. What are the prime factors of f?
421
Suppose 36*q = 368913 + 952791. List the prime factors of q.
2, 3, 29, 211
Let y(m) = -10*m - 10 + 3*m - 2 - 6*m. Let n be y(-5). Suppose -6 = 2*g - 5*p - n, p + 43 = 2*g. List the prime factors of g.
3, 7
Suppose -4*i + 2*w + 74 = 0, 0 = i + w + 4*w - 46. Let q(u) = -u**3 + 22*u**2 + 19*u - 5. What are the prime factors of q(i)?
5, 167
Let z(l) = 1610*l**3 - 13*l + 20. List the prime factors of z(2).
2, 41, 157
Suppose 2*l + 265 = 5*n, 80 = -l - 5*n - 45. Let h = 583 + l. What are the prime factors of h?
3, 151
Suppose 0 = 49*b - 303026 - 53253. List the prime factors of b.
11, 661
Let h(z) = -9*z + 34. Let a be h(4). What are the prime factors of a + (-5 - -6) - -77?
2, 19
Let o = 32 + 10. Suppose o = 7*f + 105. List the prime factors of (-3)/(-3)*f/((-27)/114).
2, 19
Let k(x) = -202*x**3 - x**2 - 20*x - 251. What are the prime factors of k(-7)?
2, 3, 41, 281
Let h = 12252 + -6315. What are the prime factors of h?
3, 1979
Let d be (2/8)/((-39)/(-26))*42 + -104. Let a be (-33)/2*124/(-6). Let j = a + d. List the prime factors of j.
2, 61
Let w(c) = 1668*c + 779. List the prime factors of w(13).
7, 3209
Let h = 22 + -24. Let g be 1*h - (-14)/2. Suppose -s - 140 = -g*s. List the prime factors of s.
5, 7
Let t = 8563 + 4211. List the prime factors of t.
2, 3, 2129
Let r(k) = -160*k - 68. Let z be r(-5). Suppose 2567 = 5*f - 5*b + z, -2*f - 3*b + 709 = 0. List the prime factors of f.
2, 181
Suppose 0 = 60*y - y - 851311. What are the prime factors of y?
47, 307
Let a(i) = 4*i - 77. Let d be a(25). Suppose -7397 = -36*g + d*g. List the prime factors of g.
569
Suppose -6*h = -4*h - 12. Suppose 11*c = h*c + 45. Suppose 2*o - b - c = 92, -o + b = -52. List the prime factors of o.
7
What are the prime factors of ((-1865752)/(-32))/7 - 3/12?
8329
Suppose -4*k + 1352 = 3*n, 2*n + 0*n + k - 903 = 0. Suppose -n = -3*u + 589. What are the prime factors of u?
347
Suppose k + 3262 = 4*o, -4*k = 15 + 9. What are the prime factors of o?
2, 11, 37
Let r = 60757 + -40909. What are the prime factors of r?
2, 3, 827
Let a = 53 + -18. Suppose v = 2*v - 2*f - 37, 0 = v - 3*f - a. What are the prime factors of v?
41
Suppose 3737 = -8*c + 33225. Suppose -r = d - 1277, d = -5*r + c + 2679. List the prime factors of r.
2, 3, 53
Let s be (2 + 0 - -179)/(9/117). Let u = s - 1666. What are the prime factors of u?
3, 229
Let l(d) = 2*d**3 + 2*d**2 - 13*d - 187. Let i(o) = -2*o - 1. Let y(k) = 2*i(k) - l(k). What are the prime factors of y(0)?
5, 37
Let p = -49984 - -121601. What are the prime factors of p?
7, 13, 787
Suppose 650*v = 783*v - 3079615. List the prime factors of v.
5, 11, 421
What are the prime factors of ((-713)/(-1012)*11)/((-2)/(-2192))?
2, 31, 137
Suppose -i + 5*i = 36. Let y(s) = 14*s + 280. Let x be y(-20). Suppose i*k - 1235 + 389 = x. What are the prime factors of k?
2, 47
Let x = -191 + 803. Suppose 0 = 43*w - 40*w - x. What are the prime factors of w?
2, 3, 17
Suppose -91*s + 2068866 = 11*s. What are the prime factors of s?
3, 6761
Let z be -3*(-37 - ((-4 - -3) + 0)). Let u = 113 - z. Suppose p = o + 189, -u*o - 751 = -3*p - p. List the prime factors of p.
2, 97
Suppose 4*w = -g - 8 + 24, g - 5*w = -11. List the prime factors of 4*(g - -13) - (-20)/4.
73
Let o be (-2 + 2 + 2 + -6)*28. Let m = 106 + o. Let g(p) = -33*p + 2. List the prime factors of g(m).
2, 5
Let j = 6903 + 29553. List the prime factors of j.
2, 3, 7, 31
Suppose 0 = -2*d - 4*q + 17128, -2*d + 8913 + 8215 = 5*q. List the prime factors of d.
2, 2141
Suppose -5*i + 83 = -2*r - 130, -4*i = 5*r + 516. Let j(f) = f**2 + 11*f + 42. Let m be j(-18). Let d = r + m. What are the prime factors of d?
2
Let r = 64 - 77. Let n = r + -20. List the prime factors of (-600)/n - (-8)/(-44).
2, 3
Let l(m) = -2*m**3 - 32*m**2 + 34*m + 8. Let a be l(-17). Suppose -2*i - 3*b + 733 = 0, 7*b - 374 = -i + a*b. What are the prime factors of i?
7, 53
Suppose -4*c + 9 + 7 = 0. Let z be 1*2*c/8*2. List the prime factors of -74*(-36)/8*z/6.
3, 37
Suppose 2*x + 4*u - 3*u = -13, -2*x + 2*u - 4 = 0. List the prime factors of (-4)/(-10) + (-4663)/x + 1.
2, 467
Let o = -37130 + 82022. List the prime factors of o.
2, 3, 29, 43
Let l = -1616 - -2494. Suppose l = -9*z + 3884. List the prime factors of z.
2, 167
Suppose 2*x + 32 = 4*v, -9 - 37 = -5*v + 4*x. Suppose 0*f - 2*f = -4*m - v, -3*f = -3. List the prime factors of (m/(-1))/((-94)/32 - -3).
2
Suppose 8529 = -32*f + 651510 - 69061. List the prime factors of f.
5, 17, 211
Suppose 3*r - 14501 = 3*z - 51890, -5*r = -4*z + 49858. What are the prime factors of z?
12457
Let f be (-2)/(2/(-41)) - 6/(-2). Suppose 245 = 5*g - 725. Suppose 0 = 3*s - v - 244, -5*v = 3*s - g - f. List the prime factors of s.
3
Let h = 28958 + -15024. List the prime factors of h.
2, 6967
Suppose 95*l = 98*l - 7737. List the prime factors of l.
2579
Suppose -6*d + 16*d + 3490 = 0. Let m = d + 659. List the prime f